{"version":"1.0","provider_name":"Soliris.brussels","provider_url":"https:\/\/soliris.brussels\/fr","author_name":"Camelia","author_url":"https:\/\/soliris.brussels\/fr\/association-vereniging\/camelia\/","title":"BALADE DE SAISON - Soliris.brussels","type":"rich","width":600,"height":338,"html":"<blockquote class=\"wp-embedded-content\" data-secret=\"cuvgBVmWgz\"><a href=\"https:\/\/soliris.brussels\/fr\/agenda\/balade-de-saison\/\">BALADE DE SAISON<\/a><\/blockquote><iframe sandbox=\"allow-scripts\" security=\"restricted\" src=\"https:\/\/soliris.brussels\/fr\/agenda\/balade-de-saison\/embed\/#?secret=cuvgBVmWgz\" width=\"600\" height=\"338\" title=\"\u00ab\u00a0BALADE DE SAISON\u00a0\u00bb &#8212; Soliris.brussels\" data-secret=\"cuvgBVmWgz\" frameborder=\"0\" marginwidth=\"0\" marginheight=\"0\" scrolling=\"no\" class=\"wp-embedded-content\"><\/iframe><script type=\"text\/javascript\">\n\/* <![CDATA[ *\/\n\/*! This file is auto-generated *\/\n!function(d,l){\"use strict\";l.querySelector&&d.addEventListener&&\"undefined\"!=typeof URL&&(d.wp=d.wp||{},d.wp.receiveEmbedMessage||(d.wp.receiveEmbedMessage=function(e){var t=e.data;if((t||t.secret||t.message||t.value)&&!\/[^a-zA-Z0-9]\/.test(t.secret)){for(var s,r,n,a=l.querySelectorAll('iframe[data-secret=\"'+t.secret+'\"]'),o=l.querySelectorAll('blockquote[data-secret=\"'+t.secret+'\"]'),c=new RegExp(\"^https?:$\",\"i\"),i=0;i<o.length;i++)o[i].style.display=\"none\";for(i=0;i<a.length;i++)s=a[i],e.source===s.contentWindow&&(s.removeAttribute(\"style\"),\"height\"===t.message?(1e3<(r=parseInt(t.value,10))?r=1e3:~~r<200&&(r=200),s.height=r):\"link\"===t.message&&(r=new URL(s.getAttribute(\"src\")),n=new URL(t.value),c.test(n.protocol))&&n.host===r.host&&l.activeElement===s&&(d.top.location.href=t.value))}},d.addEventListener(\"message\",d.wp.receiveEmbedMessage,!1),l.addEventListener(\"DOMContentLoaded\",function(){for(var e,t,s=l.querySelectorAll(\"iframe.wp-embedded-content\"),r=0;r<s.length;r++)(t=(e=s[r]).getAttribute(\"data-secret\"))||(t=Math.random().toString(36).substring(2,12),e.src+=\"#?secret=\"+t,e.setAttribute(\"data-secret\",t)),e.contentWindow.postMessage({message:\"ready\",secret:t},\"*\")},!1)))}(window,document);\n\/\/# sourceURL=https:\/\/soliris.brussels\/wp-includes\/js\/wp-embed.min.js\n\/* ]]> *\/\n<\/script>\n","thumbnail_url":"https:\/\/soliris.brussels\/wp-content\/uploads\/2023\/09\/Balade-litteraire-Animation_SeptembreOctobre2023_BaladeDeSaison.jpg","thumbnail_width":841,"thumbnail_height":1190,"description":"Po\u00e9\u00adsie, romans, th\u00e9\u00e2tre, contes qui disent le monde. Au del\u00e0 des sp\u00e9\u00adci\u00adfi\u00adci\u00adt\u00e9s propres \u00e0&nbsp;chaque langue et chaque pays, les \u00e9crits de Tchi\u00adcaya U&nbsp;Tam\u2019si, Sony Labou Tan\u00adsi, Hen\u00adri Lopes, Mam\u00adbou&nbsp;Aim\u00e9e Gna\u00adli, Paul Loma\u00adni Tchi\u00adbam\u00adba, Fis\u00adton Mwan\u00adza Muji\u00adla et bien d\u2019autres font r\u00e9son\u00adner&nbsp;les mots \u00e9crire et&nbsp;vivre. INFOS ET RE\u0301SERVATIONS 02\/515 64 12 \u2013 bibliotheque@\u200bixelles.\u200bbrussels"}

Poé­sie, romans, théâtre, contes qui disent le monde. Au delà des spé­ci­fi­ci­tés propres à&nbsp;chaque langue et chaque pays, les écrits de Tchi­caya U&nbsp;Tam’si, Sony Labou Tan­si, Hen­ri Lopes, Mam­bou&nbsp;Aimée Gna­li, Paul Loma­ni Tchi­bam­ba, Fis­ton Mwan­za Muji­la et bien d’autres font réson­ner&nbsp;les mots écrire et&nbsp;vivre. INFOS ET RÉSERVATIONS 02/515 64 12 – bibliotheque@​ixelles.​brussels
